he units digit of q?
8
Let k(w) = -8*w**3 - w. Let g be k(1). What is the units digit of (-312)/g - 2/(-6)?
5
Suppose -5*d + 3 = -2*d. Suppose 4*h + 14 = -v, -3*h + d - 11 = v. What is the units digit of v?
2
Let s = 6 - 2. Let h be (-10 + s)*(-1)/3. Suppose 0 = -3*i + 6, h*c + c - i = 34. What is the tens digit of c?
1
Let a(t) be the second derivative of -t**4/12 + t**3 + t**2 - t. Let y be a(6). What is the units digit of 4 + (y - -2 - 2)?
6
Suppose -60 = -4*o + 44. What is the tens digit of o?
2
Let b(f) = f - 4. Let q be b(6). Suppose -2*y - 7 = -5*k - 3, -q*k + 24 = -4*y. Let c(u) = u**2 + 5*u - 6. What is the units digit of c(y)?
8
Let n be 34/8 - 3/12. Suppose b = 4*b - n*o + 13, 0 = -2*o + 8. What is the units digit of b/2*2*12?
2
Let x = -13 + 21. Let b be 0/(2/1) + 11. Let f = b + x. What is the tens digit of f?
1
Suppose 0 = -s + w - 0*w, 5*w = 25. Suppose -13*h = -8*h - s. What is the units digit of h?
1
Let d(o) = -10*o - 2. Let h be d(-2). Suppose 0 = -3*w + h - 0. What is the units digit of w?
6
Suppose -2*c = -6*c + 440. What is the tens digit of c?
1
Let d(f) = -f**3 + 18*f**2 + 22*f - 39. What is the units digit of d(19)?
8
Suppose 5*k + 9 = -6, -2*d + 59 = -3*k. Suppose -7*f + d = -6*f. What is the tens digit of f?
2
Suppose 6*h + 2*h - 392 = 0. What is the units digit of h?
9
Suppose -f - 3*h + 17 = 0, -4*f = -8*f - 3*h + 23. Suppose 5*d + 19 = -1, f*d + 20 = 3*b. Suppose b = -o + 3*o. What is the units digit of o?
2
Let b(m) = -4*m - 20. Let w be b(-14). Suppose 5*q - 4*r + 12 = 97, 2*q - w = 2*r. What is the tens digit of q?
1
Let y be (-12)/(-10)*10/4. Suppose -y*g + 0*g = -12. Suppose -g*z + 4*f = -20, -3*f - 8 = -2. What is the units digit of z?
3
Let x(m) = 2*m - 6. Let c be x(5). Suppose -5*p = f + 11, -6*f = -5*f - c*p - 16. What is the units digit of 4/f + (18 - 1)?
8
Let h be 1/(-2 + 26/12). Let u(x) = -x. Let s(n) = n**2 - 8*n - 3. Let f(b) = s(b) - 3*u(b). What is the units digit of f(h)?
3
Suppose 3 = 4*w - 9. Let u = -20 + 29. Suppose -4*t - n = -27, -w*t - 3*n + 9 + u = 0. What is the units digit of t?
7
Suppose 1588 = 5*r + x + 431, 3*r - 2*x - 689 = 0. What is the units digit of r?
1
Let j(d) = -d**2 - 4*d + 3. Let b(v) = -v**2 - 1. Let s(y) = -2*b(y) + j(y). What is the tens digit of s(6)?
1
Suppose -5*i - 20 = 4*a - 921, -4*a = 3*i - 899. Suppose 5*x - 5*o = a - 94, x = -5*o + 2. What is the units digit of x?
2
Let j be -4 - (-2 + 5 - 9). Suppose 0 = -j*b + 5*y + 8, 2*b = -3*y + 24. What is the units digit of b?
9
Let d(p) = 23*p - 2. Let y be d(2). Suppose y = 4*f - 0. What is the tens digit of f?
1
Let u = 20 + 36. What is the tens digit of u?
5
Let l = -67 + 107. What is the units digit of l?
0
Let w(l) = -4 + 4*l + 5*l - 3*l - 3. What is the units digit of w(6)?
9
Let p(n) be the third derivative of -9*n**6/40 - n**5/60 - 2*n**2. What is the units digit of p(-1)?
6
Let d = -7 + 4. What is the units digit of ((-40)/d)/(-5)*-6?
6
Suppose 16 = a - 3*a. Let g = a - -13. What is the units digit of g?
5
Let d(o) = -7*o - 1. Let z be d(-2). Suppose -2*w = -2*a - 8, -5*w + a - 5 + z = 0. What is the units digit of w?
1
Suppose 3*m = 2*x - 7 + 70, -5*m - 3*x = -86. What is the units digit of m?
9
Let r = -5 - -11. Let a(c) = -c**3 + 6*c**2 + 2*c - 9. Let y be a(r). Suppose x + y = 2*x. What is the units digit of x?
3
Let m(z) = -z**3 - 11*z**2 - 10*z + 2. Let k be m(-10). Suppose k*r + 1 = 3*r. What is the units digit of r?
1
Let c = 8 - 6. Suppose -4*k + 11 = -c*k + 5*g, -k + 9 = -g. What is the units digit of k?
8
Let p(m) = -5*m + 102. What is the units digit of p(0)?
2
What is the units digit of 9027/117 - ((-8)/(-26))/2?
7
Let n(g) = -g**3 + 6*g**2 + 7*g + 4. Let r be n(7). Suppose r*x - 61 = 11. What is the units digit of x?
8
Let d(i) = 2*i - 2. Let x be d(3). Let j(h) = -4*h + 6. Let l be j(x). What is the units digit of (-2)/(-5) + (-56)/l?
6
Suppose -5*k + 7 = 2, -940 = -3*r + 5*k. What is the units digit of r?
5
Suppose o = 3*l - 5, -2*l + 0*o + 25 = -5*o. Let x be 1/2 + 9/6. What is the units digit of 7 + x/4*l?
7
Suppose 0*y - 352 = -4*g - 5*y, g - 88 = -2*y. Let t = 61 - g. Let i = -10 - t. What is the tens digit of i?
1
Let t = -6 - -20. What is the units digit of t + 2 + (-2 - 1)?
3
Suppose -2*w + 4*u - 6 = 0, -4*u = 2*w + u + 6. Let z = 8 + -3. Let l = w + z. What is the units digit of l?
2
Suppose 5*y - 2*q = -q + 587, -2*q = 4. What is the tens digit of y?
1
Let d(g) = -g**3 - 16*g**2 - 7*g + 1. What is the tens digit of d(-16)?
1
Suppose 3*d = n - 0*n + 7, -2*n + 2 = -2*d. Suppose d*v - 4 = 3*v. What is the units digit of v?
4
Let t be 2/7 + 32/(-14). What is the units digit of t/3*18/(-4)?
3
Let k(n) be the third derivative of 1/3*n**4 + 0*n - 5/6*n**3 - 3*n**2 + 0 - 1/60*n**5. What is the units digit of k(6)?
7
Let n(k) = -k**3 - 4*k**2 + 5*k. What is the tens digit of n(-6)?
4
Let u = -22 + 7. Let r = 2 - u. What is the units digit of r?
7
Let d(a) = -2*a**2 + 0 + 2 - 5 - a**3 + 0*a - a. What is the units digit of d(-3)?
9
Let r(a) = -3*a**3 - 2*a + 3*a - 1 + 0*a. Let g be r(1). What is the units digit of g/(-6)*(-1 + 5)?
2
Suppose 22 + 90 = -4*c + 2*w, 5*w = 5*c + 135. Let y = 40 + c. What is the units digit of y?
1
What is the units digit of 326*9/(-6)*5/(-15)?
3
Let g = 512 - 365. What is the units digit of g?
7
Suppose -q + 2*q = 0. Suppose -5*y + 30 + 20 = q. What is the tens digit of y?
1
Let j(c) = 7*c**2 + c. What is the units digit of j(-1)?
6
Let y(z) = -z**3 + 7*z**2 + z + 3. What is the units digit of y(6)?
5
Let q(s) = s + 22. Let m be q(-10). Suppose -3*y - m = -0*y. Let b(h) = -h**3 - 3*h**2 + 3*h - 2. What is the units digit of b(y)?
2
Let v(a) = a**2 + a. Let c(u) = -8*u**2 - 5*u - 2. Let g(j) = c(j) + 4*v(j). Let t(p) be the first derivative of g(p). What is the units digit of t(-1)?
7
Let a = 3 - 3. Let v = a + 3. Let l = v + 2. What is the units digit of l?
5
Let y be (-6)/(-9) - (-32)/6. Let u(h) = -h**2 + 3*h - 4. Let j be u(-4). What is the tens digit of (j/y)/(5/(-15))?
1
Let u(p) = -4*p - 1. Suppose 3*v + 8 - 2 = 0. What is the units digit of u(v)?
7
Let u = -53 - -43. Let a be (-1 + 1)/(-2) - 9. Let c = a - u. What is the units digit of c?
1
Let f(q) = q**3 - 3*q**2 - 3. What is the tens digit of f(5)?
4
Let g(n) = n**2 - 7*n - 4. Let o(u) = -5*u**2 + 29*u + 16. Let t(h) = -9*g(h) - 2*o(h). Let s = 5 + -10. What is the units digit of t(s)?
4
Let g = 11 + 21. What is the tens digit of g?
3
Suppose -s - 35 = -4*g, -3*g + 50 = 2*g + 5*s. Let a = 16 - g. What is the units digit of a?
7
Suppose 390 = d + 5*d. What is the units digit of d?
5
Let n(o) = -5*o**3 - 5*o**2 - 4*o - 2. Let s be n(-3). Suppose s = -8*q + 12*q. What is the tens digit of q?
2
Let a(c) be the first derivative of c**3/3 + c**2/2 + 2*c + 7. What is the units digit of a(-3)?
8
Let f(a) = 7*a**2 - 6. Let h be f(5). Let n = h - 121. What is the units digit of n?
8
Let m = -19 - -40. Let x(i) = i**2 + 2*i - 1. Let g be x(1). Suppose -g*b - 38 = -5*f, -2*f - 5*b + 0*b = -m. What is the units digit of f?
8
Let y(v) = -v**3 - 7*v**2 - 16*v - 20. What is the tens digit of y(-8)?
7
Let r(d) = 2 + 4*d**3 - d**3 - 1 + d**3 - 2*d. What is the units digit of r(1)?
3
Let a(y) be the second derivative of y**5/20 + y**4/2 - y**3/6 - 5*y**2/2 + 2*y. What is the units digit of a(-6)?
1
Let m(b) = 2*b**2. Let t be m(-2). Let r be (-16)/(-9) + (-4)/(-18). Suppose r*d - t = -2*d. What is the units digit of d?
2
Let h = 10 + 44. What is the tens digit of h?
5
Suppose 29 = 4*t - 3. Let v = 2 + t. Suppose 0 = -5*p + v. What is the units digit of p?
2
Let i(l) = 101*l + 4. What is the hundreds digit of i(1)?
1
Let z = -37 - -199. What is the tens digit of z?
6
Suppose -2*l = 5*g - 123, 0 = -5*g + 4*l - l + 128. Suppose g = f - 8. What is the tens digit of f?
3
Let j(h) = 3*h**2 + 3*h. Let t be j(-3). Suppose 4*b - 8 = 0, 3*n = n - b + t. Suppose n = 5*k - 3*k. What is the units digit of k?
4
Let g(u) = -u**2 + 4*u + 4. Let f = 0 - -7. Let q be g(f). Let i = 4 - q. What is the tens digit of i?
2
Let f = 54 - 96. Let g = f + 97. Suppose u = -5*q + 2*q + g, -4*u - 1 = -q. What is the tens digit of q?
1
Suppose 7 = -a + 4*o, 3*o = 3*a - 4 + 7. What is the tens digit of -5 - -5 - (a - 12)?
1
Let z(d) = 0*d**3 + 0*d**3 -